
-2
What is the value of -5 - ((17 + -8 - (-3 - (3 - 68))) + 9)?
39
Evaluate 5 - (32 + -14) - (-63 + 123 - (9 - -1)).
-63
What is the value of 84 + (9 - (43 + -29 + 1))?
78
What is -114 + -25 + 162 + -104?
-81
What is 10 + 91 + -43 + -101?
-43
Evaluate -1 - (16 - 0) - (-411 + (82 - -159)).
153
What is -26 - (-11 + -7) - ((-1 - -1) + 43)?
-51
4 + 0 + 0 + (82 - (16 + (29 - 67)))
108
(5 - -7) + -25 + (7 - 0) + (-5 - 1)
-12
Evaluate -1 + 4 - (0 + -1 - (85 + -96)).
-7
What is the value of 44 + (4 - 31) + 1?
18
Evaluate 6 + 4 - (115 + -124).
19
What is (31 - 74) + (-69 - -149)?
37
What is the value of 24 - 289 - -282 - (-1 + -5)?
23
Calculate -6 - (-12 + (-14 - -24) - 18) - -41.
55
Calculate (24 - 12 - 21 - 2) + 89 + -10.
68
5 + -17 + (-7 - 30 - -10 - 10)
-49
Calculate 1 + 49 + (-669 - -644).
25
-16 - 2 - 0 - -1 - (256 + 102 + -354)
-21
Evaluate 33 + -11 + -42 - -14 - -24.
18
What is the value of -1207 - -1182 - (-3 - (3 + -16))?
-35
Evaluate -7 + ((27 - 59) + 26 - (3 - -2 - 3)).
-15
What is (13 + 3 + 35 + -42 - 50) + -8?
-49
-85 + (-23 - -12) + 16 + -6 + (4 - -1)
-81
What is 55 + 11 + 61 + -76 + 16 + -1?
66
What is the value of -89 + 54 + 100 - (-1 + -2) - -19?
87
What is (102 - (48 - -15)) + (6 - 1)?
44
Evaluate (5 + -15 - (2 + -1 - (-10 + -8))) + -2.
-31
Evaluate (15 - -8) + (2 - -12 - 25) + (-4 - 86).
-78
What is the value of -510 - -513 - (0 + -42) - -94?
139
What is the value of 8 + 10 + (0 + 0 - (-7 - (45 - 21)))?
49
Evaluate -62 + 3 + (-3 - -20 - 21) - 13.
-76
What is (7 - 0) + (10 - -9 - 23) + -11 - -61?
53
-12 - (-52 - -39 - -15) - ((1 - -1) + -2)
-14
27 + -55 + 24 - ((1 - 5) + -10)
10
Calculate (0 - 1) + 4 - (-817 - -841).
-21
Calculate -547 + 542 + (6 - 3 - (-4 + 88)).
-86
What is 0 - (-243 + 272 - (-6 - (0 + 2)))?
-37
What is -5 + (12 + 3 + -18 - (7 - 56 - 9))?
50
(21 - 4) + (71 - 20) + (9 - 1)
76
What is -268 + 187 + 65 + (-1 - 7) + -2?
-26
What is the value of 1 + (28 + -21 - 21) + -3 + -2 + -1?
-19
Evaluate (19 - (-24 + 56)) + 1 + 4.
-8
What is the value of 1 + -107 + (4654 - 4612)?
-64
-15 + -34 + (-73 - -100)
-22
131 - 233 - (-45 - 0) - (-3 - (-2 - 7))
-63
What is the value of -215 + 331 - (209 - -19)?
-112
-722 + 741 - (-14 + 6)
27
What is 14 - ((-20 - (-30 + 14)) + -14)?
32
What is the value of -21 + -1 + 482 + -468 + (-1 - -14) + 39?
44
(-38 - -8) + -6 - (2 - 23)
-15
Evaluate -27 + (15 + (1 - 28) - -24).
-15
What is 0 + 0 + -105 - (41 - (45 + -63 - -50))?
-114
Evaluate (-7 - (-8 - 52)) + -58.
-5
What is (118 - 244) + 131 + -80 + (1 - 1) + 2?
-73
-1 + -39 + -9 + (-31 - (-19 + -12))
-49
Calculate -26131 + 26102 + 101 + (3 - 2).
73
What is (-1 - 3) + -10 + (12 - 23)?
-25
Evaluate 4415 - 4452 - (-3 + -119).
85
What is -8 + (282 - 243) + 1 + -1 + -12?
19
What is the value of 6 - 28 - (-531 + 610)?
-101
What is the value of -44 - (5 - 67) - (2 - -5)?
11
Evaluate 389 - 351 - (-5 - ((-5 - (1 - 7)) + -1)).
43
What is the value of -94 + (-3 + 6 + -10 - (-27 - (24 - 48)))?
-98
Calculate -135 + -4 + (11 - 4) + -25 + 21 - 4.
-140
-2 - 2 - -1 - (1613 + -1643) - (-4 - -3)
28
Calculate -27 + -10 + 16 + -3 - (-5 - (6 + -3)).
-16
-13 + (418 - 380) + (-1 - -13) + 2
39
Evaluate (-1 - 25) + -3574 + 3629.
29
Evaluate -5 + 1 + 3 + (-8 - (-11 - -13)) + 15.
4
-24 + (75 - 22) - 65 - -36
0
(21 + -24 - (16 - (23 - 12 - -3))) + -11
-16
What is the value of (1 - 23) + (82 - (-68 + 167))?
-39
-2 - ((-1 - -13 - 5) + -24)
15
What is the value of (-39 - -43) + (-47 - (4 + -1 + -1)) + 9?
-36
Evaluate 118 - (-21 + (-10 - -54) + 6 + -9).
98
What is the value of 9 + -9 - (126 + -13 + -10 + 4)?
-107
Calculate (1393 - 1393) + (54 - 3).
51
What is -27 + 8 + (2 - 9)?
-26
Calculate -3111 + 3216 + (-4 + 4 - -24).
129
What is 57 + -9 - ((-21 - -34) + 0 + 0)?
35
Calculate 7 + (11 + -1 - (-17 - -31 - (14 - -76))).
93
Evaluate 180 + -221 + 63 + -12.
10
What is (-4596 - -4547) + -22 + -1?
-72
-10 + 2 - (17 - 2 - (-13 - (-9 - 5)))
-22
What is 27 - (-48 - -44) - -21?
52
What is the value of 5 - 15 - 3 - (-7 + 7 - -30)?
-43
126 + -54 + 28 + -20
80
Evaluate (24 - (-12 - 7 - -40 - 6)) + -16.
-7
Calculate (26 - 74) + -17 + 34.
-31
What is the value of (4 - -6) + -40 + 34 - -17?
21
Calculate (-31 - ((-14 - -7) + -30)) + -106.
-100
What is (-50 - -30) + 15 - 22?
-27
Calculate 22 - (37 - (7 + 8) - -40).
-40
Evaluate -91 - 0 - ((-136 - 36) + 194).
-113
What is -32 + 33 + (-12 - 1) + -30?
-42
What is the value of -105 - (-11 - ((-33 + 24 - (-3 + -10)) + -5))?
-95
Evaluate 21 + -1 - (2780 - 2838).
78
Calculate (-11489 - -11576) + (-3 - -1 - 1) + 1 + 13.
98
Calculate (52 + -56 - 137) + 81.
-60
Calculate -25 - (56 + 2 + -86).
3
Evaluate -20 - (42 - (-34 - -93)).
-3
Evaluate 40 + 40 + -73 + -55 + 0 + -1 + -6.
-55
What is the value of (-2 - 7) + 187 + -141 + -16?
21
Calculate -6 + 1 - (477 - 509).
27
Evaluate -34 + -14 + 35 - 33.
-46
What is -10 - (26 + -30) - (9 + -2) - 49?
-62
What is 1 + -23 + 7 - (-3 - 1) - 14?
-25
Calculate (-4 - -5 - (1 + (54 - 1))) + 158 + -158.
-53
What is the value of 130 - (-1 + 2) - (264127 - 264111)?
113
What is the value of -60 + (-40 - -18 - -105)?
23
Calculate 46 + (3 - -2) - (1 + -2 + -9 + 8).
53
Calculate (-33 - -22) + 31 + -1 + (-81 - 9).
-71
(15 - 9) + 78 - (-4 + (6 - -5) - 10)
87
Calculate -4 + (-4 - -17) - (21 + -1 + -43).
32
What is (-39 - -2) + (31 - (-59 - -78))?
-25
Calculate 3441 + -3395 - (-1 - -52).
-5
What is -69 + (40 - -73) - 51?
-7
What is -3 - (-3 + 13 + -6 + 5) - 17?
-29
Calculate 29 - (-41 - -36 - -38).
-4
What is the value of 0 + 28 - 1 - (54 - (45 - (38 - 44)))?
24
Calculate 59 + -73 - -7 - (2 + (-3 - 61) + -4).
59
Calculate (-8 - 78 - 12) + 25 + 0.
-73
Calculate (1 - 18) + (-27 + 36 - (-14 + 73)).
-67
Calculate 17 + -21 + 19 - (-98 + -2 + 20).
95
Calculate 485 + -444 - (14 + 4).
23
Calculate -2 + (10 - (21 + -10) - (-2 + -1) - -3).
3
Calculate 71 + (-78 - -78) - 23.
48
What is the value of 53 + (-2 - 28 - 15)?
8
Calculate (-17 - -1) + (-10457 - -10476).
3
Evaluate 120 - (11 + -2 - ((-30 - -75 - 28) + -20)).
108
Evaluate 99 - (-45 + 135) - (4 - (-1 + -12)).
-8
Calculate (4 - 126) + 6 + (37 - 81 - -59).
-101
Calculate (-12 - (2 - 2 - 2)) + 11 + -18 + 71.
54
Evaluate 1 + -15 + -223 + 205 - (1 - -2).
-35
Calculate 2820 - 2739 - (119 + -2).
-36
Calculate -58 + (-60 + -11 + 63 - (1 - 11)).
-56
What is 64 - (23 + 116) - -192?
117
What is -9 + 4 - 31 - (255 + -314)?
23
What is the value of -54 + -11 + (-44 - -10 - -1)?
-98
Calculate -1 + (-7 + -4 - 1) + (10 - 24).
-27
Calculate 1 - -26 - (90 - 106) - -12.
55
2 + -9 + 18 - (-3 + -5 + 0 + 30)
-11
What is the value of (107 + -59 - -5) + 9?
62
Calculate 37 + (63 - -44) + -13.
131
What is the value of -146 + 17 + -65 + 111?
-83
Calculate -2 + -1 + -82 + 97 + (-119 - -5).
-102
What is 42 + (-57 - -12) - (6 + 5)?
-14
What is the value of (38 - 2) + (11 - (11 - 0))?
36
Calculate 55 - -1 - (11525 - 11394).
-75
65 + -30 + -24 + -2 + 10
19
What is the value of 397 - 320 - (-23 + -2)?
102
What is the value of -84 + (-12 + (-5 - (-12 + 9 - 15)) - 7)?
-90
What is the value of 13 - (0 + -3 - -60 - -5)?
-49
(8 - (4 + -2)) + (-51 - (-17 + 3)) + -6
-37
(-302 - -450) + 0 + -72
76
(-101 - -59) + 85 + -41
2
What is the value of 35 - (3 + (-2 - (14 + (8 - 13))))?
43
What is 17 + -41 + (27 - -13)?
16
What is the value of (-11 - 1) + (94 - 33 - (-2 - -7))?
44
Evaluate (-2 - -1) + (35 - 18) + 1 + -18 + -69.
-70
What is -1 + 10 + -10 + -1 + (57 - 27) + -13?
15
-326 + (-2 - -148) - -126
-54
What is -1 + -17 - (22 - 60) - -26?
46
What is the value of (-10 - -1) + (-71 - -73) - (-4 + 0 + -38)?
35
Calculate -33 - 1 - (17 - 1 - (147 - 135) - -3).
-41
Evaluate (-469 - -560) + -4 + -82.
5
What is the value of (-3 - -27) + (-2705 - -2603)?
-78
What is the value of -20 + 18 - (31 - 10 - 10)?
-13
Evaluate 97 + 1 - (9 + 1 + (22 - 6) + -22).
94
22 - (4 - (-16 + 40 + 11))
53
What is the value of -12 - (78 + (-7 - -6 - 15) + 13) - -3?
-84
Calculate 0 - -23 - ((-63 - -8) + 55).
23
What is the value of -219 - -215 - (3 - (9 - 0)) - (2 + -14)?
14
What is the value of 10 + -6 - (-6 + -9 + -18 + 16 + -73)?
94
What is the value of -70 + (-37 + 68 + 22 - 34)?
-51
What is -61 - -116 - 62 - (0 - (0 - 14))?
-21
Evaluate 140 + -374 + 112 + 241.
119
110 - 82 - (13 + -69 + 9)
75
What is the value of 54 - (-25 + 6 + 28 - 32)?
77
What is the val